{"id":8130,"date":"2019-10-23T13:04:59","date_gmt":"2019-10-23T13:04:59","guid":{"rendered":"https:\/\/cms.alj3.clients.lemonhq.io\/quick-reads\/a-breezy-future-for-africa-2\/"},"modified":"2024-12-05T05:04:49","modified_gmt":"2024-12-05T05:04:49","slug":"a-breezy-future-for-africa-2","status":"publish","type":"quickreads","link":"https:\/\/cms.alj3.clients.lemonhq.io\/es\/quick-reads\/a-breezy-future-for-africa-2\/","title":{"rendered":"\u00bfUn futuro ventoso para \u00c1frica?"},"content":{"rendered":"\n<p><em>&#8220;Las turbinas gigantes que se agitan en el viento son una vista rara en \u00c1frica, pero ese no ser\u00e1 el caso por mucho tiempo&#8221;<\/em>, esa es la opini\u00f3n compartida por el Consejo Mundial de Energ\u00eda E\u00f3lica en un nuevo libro blanco que tambi\u00e9n destaca a \u00c1frica como un &#8220;mercado para cuidado con la industria de la energ\u00eda e\u00f3lica.<\/p>\n\n\n\n<p>Como se pronostica que la poblaci\u00f3n de \u00c1frica aumentar\u00e1 un 1,4% cada a\u00f1o hasta 2030 [1], existe una creciente demanda de los mercados de energ\u00eda para mantenerse al d\u00eda con este crecimiento y acelerar la electrificaci\u00f3n universal en todo el continente. Actualmente, se pronostica que se estima que 600 millones de personas, 2 de cada 3 personas en \u00c1frica subsahariana, no tienen acceso a la electricidad [2], lo que afecta el desarrollo econ\u00f3mico. Esta estad\u00edstica solo puede empeorar a medida que la poblaci\u00f3n crece, a menos que se tomen medidas.<\/p>\n\n\n\n<p>Los pa\u00edses africanos se comprometen a alcanzar sus Objetivos de Desarrollo Sostenible (ODS), incluido el ODS 7, que busca garantizar el acceso a energ\u00eda asequible, confiable, sostenible y moderna para todos. Por lo tanto, los gobiernos africanos reconocen que el aumento de la capacidad el\u00e9ctrica solo puede lograrse mediante fuentes de energ\u00eda limpia a trav\u00e9s de soluciones sostenibles, se\u00f1alando una clara oportunidad para explorar soluciones de energ\u00eda renovable, siendo la energ\u00eda e\u00f3lica la m\u00e1s rentable de todas.<\/p>\n\n\n<figure class=\"wp-block-embed is-type-video is-provider-youtube wp-block-embed-youtube wp-embed-aspect-16-9 wp-has-aspect-ratio\"><div class=\"wp-block-embed__wrapper\">https:\/\/www.youtube.com\/watch?v=CbcmFHBI_Ek<\/div><\/figure>\n\n\n<p>Abdul Latif Jameel Energy, a trav\u00e9s de su empresa filial Fotowatio Renewable Ventures (FRV) est\u00e1 decidido a contribuir a garantizar un futuro m\u00e1s limpio y saludable para las comunidades de todo el mundo. Al ofrecer proyectos de energ\u00eda e\u00f3lica y solar fotovoltaica en todo el mundo, se enorgullece de estar a la vanguardia del conocimiento y la experiencia en energ\u00eda renovable, lo que permite que una nueva generaci\u00f3n se beneficie de una combinaci\u00f3n energ\u00e9tica revitalizada.<\/p>\n\n\n\n<p>\u00a1Esperamos observar el avance del sector de energ\u00eda renovable de \u00c1frica y ver el papel que desempe\u00f1ar\u00e1 la energ\u00eda e\u00f3lica en su desarrollo!<\/p>\n","protected":false},"featured_media":8111,"menu_order":0,"template":"","class_list":["post-8130","quickreads","type-quickreads","status-publish","has-post-thumbnail","hentry"],"acf":[],"yoast_head":"<!-- This site is optimized with the Yoast SEO plugin v26.5 - https:\/\/yoast.com\/wordpress\/plugins\/seo\/ -->\n<title>\u00bfUn futuro ventoso para \u00c1frica? - Abdul Latif Jameel<\/title>\n<meta name=\"robots\" content=\"noindex, follow, max-snippet:-1, max-image-preview:large, max-video-preview:-1\" \/>\n<meta property=\"og:locale\" content=\"es_ES\" \/>\n<meta property=\"og:type\" content=\"article\" \/>\n<meta property=\"og:title\" content=\"\u00bfUn futuro ventoso para \u00c1frica? - Abdul Latif Jameel\" \/>\n<meta property=\"og:description\" content=\"&#8220;Las turbinas gigantes que se agitan en el viento son una vista rara en \u00c1frica, pero ese no ser\u00e1 el caso por mucho tiempo&#8221;, esa es la opini\u00f3n compartida por el Consejo Mundial de Energ\u00eda E\u00f3lica en un nuevo libro blanco que tambi\u00e9n destaca a \u00c1frica como un &#8220;mercado para cuidado con la industria de [&hellip;]\" \/>\n<meta property=\"og:url\" content=\"https:\/\/cms.alj3.clients.lemonhq.io\/es\/quick-reads\/a-breezy-future-for-africa-2\/\" \/>\n<meta property=\"og:site_name\" content=\"Abdul Latif Jameel\" \/>\n<meta property=\"article:modified_time\" content=\"2024-12-05T05:04:49+00:00\" \/>\n<meta property=\"og:image\" content=\"https:\/\/media.alj3.clients.lemonhq.io\/wp-content\/uploads\/2024\/10\/wind-farm.jpg\" \/>\n\t<meta property=\"og:image:width\" content=\"800\" \/>\n\t<meta property=\"og:image:height\" content=\"600\" \/>\n\t<meta property=\"og:image:type\" content=\"image\/jpeg\" \/>\n<meta name=\"twitter:card\" content=\"summary_large_image\" \/>\n<meta name=\"twitter:label1\" content=\"Tiempo de lectura\" \/>\n\t<meta name=\"twitter:data1\" content=\"1 minuto\" \/>\n<script type=\"application\/ld+json\" class=\"yoast-schema-graph\">{\"@context\":\"https:\/\/schema.org\",\"@graph\":[{\"@type\":\"WebPage\",\"@id\":\"https:\/\/cms.alj3.clients.lemonhq.io\/es\/quick-reads\/a-breezy-future-for-africa-2\/\",\"url\":\"https:\/\/cms.alj3.clients.lemonhq.io\/es\/quick-reads\/a-breezy-future-for-africa-2\/\",\"name\":\"\u00bfUn futuro ventoso para \u00c1frica? - Abdul Latif Jameel\",\"isPartOf\":{\"@id\":\"https:\/\/10.0.2.222\/en\/#website\"},\"primaryImageOfPage\":{\"@id\":\"https:\/\/cms.alj3.clients.lemonhq.io\/es\/quick-reads\/a-breezy-future-for-africa-2\/#primaryimage\"},\"image\":{\"@id\":\"https:\/\/cms.alj3.clients.lemonhq.io\/es\/quick-reads\/a-breezy-future-for-africa-2\/#primaryimage\"},\"thumbnailUrl\":\"https:\/\/media.alj3.clients.lemonhq.io\/wp-content\/uploads\/2024\/10\/wind-farm.jpg\",\"datePublished\":\"2019-10-23T13:04:59+00:00\",\"dateModified\":\"2024-12-05T05:04:49+00:00\",\"breadcrumb\":{\"@id\":\"https:\/\/cms.alj3.clients.lemonhq.io\/es\/quick-reads\/a-breezy-future-for-africa-2\/#breadcrumb\"},\"inLanguage\":\"es\",\"potentialAction\":[{\"@type\":\"ReadAction\",\"target\":[\"https:\/\/cms.alj3.clients.lemonhq.io\/es\/quick-reads\/a-breezy-future-for-africa-2\/\"]}]},{\"@type\":\"ImageObject\",\"inLanguage\":\"es\",\"@id\":\"https:\/\/cms.alj3.clients.lemonhq.io\/es\/quick-reads\/a-breezy-future-for-africa-2\/#primaryimage\",\"url\":\"https:\/\/media.alj3.clients.lemonhq.io\/wp-content\/uploads\/2024\/10\/wind-farm.jpg\",\"contentUrl\":\"https:\/\/media.alj3.clients.lemonhq.io\/wp-content\/uploads\/2024\/10\/wind-farm.jpg\",\"width\":800,\"height\":600},{\"@type\":\"BreadcrumbList\",\"@id\":\"https:\/\/cms.alj3.clients.lemonhq.io\/es\/quick-reads\/a-breezy-future-for-africa-2\/#breadcrumb\",\"itemListElement\":[{\"@type\":\"ListItem\",\"position\":1,\"name\":\"Home\",\"item\":\"https:\/\/10.0.2.222\/en\/\"},{\"@type\":\"ListItem\",\"position\":2,\"name\":\"\u00bfUn futuro ventoso para \u00c1frica?\"}]},{\"@type\":\"WebSite\",\"@id\":\"https:\/\/10.0.2.222\/en\/#website\",\"url\":\"https:\/\/10.0.2.222\/en\/\",\"name\":\"Abdul Latif Jameel\",\"description\":\"\",\"potentialAction\":[{\"@type\":\"SearchAction\",\"target\":{\"@type\":\"EntryPoint\",\"urlTemplate\":\"https:\/\/10.0.2.222\/en\/?s={search_term_string}\"},\"query-input\":{\"@type\":\"PropertyValueSpecification\",\"valueRequired\":true,\"valueName\":\"search_term_string\"}}],\"inLanguage\":\"es\"}]}<\/script>\n<!-- \/ Yoast SEO plugin. -->","yoast_head_json":{"title":"\u00bfUn futuro ventoso para \u00c1frica? - Abdul Latif Jameel","robots":{"index":"noindex","follow":"follow","max-snippet":"max-snippet:-1","max-image-preview":"max-image-preview:large","max-video-preview":"max-video-preview:-1"},"og_locale":"es_ES","og_type":"article","og_title":"\u00bfUn futuro ventoso para \u00c1frica? - Abdul Latif Jameel","og_description":"&#8220;Las turbinas gigantes que se agitan en el viento son una vista rara en \u00c1frica, pero ese no ser\u00e1 el caso por mucho tiempo&#8221;, esa es la opini\u00f3n compartida por el Consejo Mundial de Energ\u00eda E\u00f3lica en un nuevo libro blanco que tambi\u00e9n destaca a \u00c1frica como un &#8220;mercado para cuidado con la industria de [&hellip;]","og_url":"https:\/\/cms.alj3.clients.lemonhq.io\/es\/quick-reads\/a-breezy-future-for-africa-2\/","og_site_name":"Abdul Latif Jameel","article_modified_time":"2024-12-05T05:04:49+00:00","og_image":[{"width":800,"height":600,"url":"https:\/\/media.alj3.clients.lemonhq.io\/wp-content\/uploads\/2024\/10\/wind-farm.jpg","type":"image\/jpeg"}],"twitter_card":"summary_large_image","twitter_misc":{"Tiempo de lectura":"1 minuto"},"schema":{"@context":"https:\/\/schema.org","@graph":[{"@type":"WebPage","@id":"https:\/\/cms.alj3.clients.lemonhq.io\/es\/quick-reads\/a-breezy-future-for-africa-2\/","url":"https:\/\/cms.alj3.clients.lemonhq.io\/es\/quick-reads\/a-breezy-future-for-africa-2\/","name":"\u00bfUn futuro ventoso para \u00c1frica? - Abdul Latif Jameel","isPartOf":{"@id":"https:\/\/10.0.2.222\/en\/#website"},"primaryImageOfPage":{"@id":"https:\/\/cms.alj3.clients.lemonhq.io\/es\/quick-reads\/a-breezy-future-for-africa-2\/#primaryimage"},"image":{"@id":"https:\/\/cms.alj3.clients.lemonhq.io\/es\/quick-reads\/a-breezy-future-for-africa-2\/#primaryimage"},"thumbnailUrl":"https:\/\/media.alj3.clients.lemonhq.io\/wp-content\/uploads\/2024\/10\/wind-farm.jpg","datePublished":"2019-10-23T13:04:59+00:00","dateModified":"2024-12-05T05:04:49+00:00","breadcrumb":{"@id":"https:\/\/cms.alj3.clients.lemonhq.io\/es\/quick-reads\/a-breezy-future-for-africa-2\/#breadcrumb"},"inLanguage":"es","potentialAction":[{"@type":"ReadAction","target":["https:\/\/cms.alj3.clients.lemonhq.io\/es\/quick-reads\/a-breezy-future-for-africa-2\/"]}]},{"@type":"ImageObject","inLanguage":"es","@id":"https:\/\/cms.alj3.clients.lemonhq.io\/es\/quick-reads\/a-breezy-future-for-africa-2\/#primaryimage","url":"https:\/\/media.alj3.clients.lemonhq.io\/wp-content\/uploads\/2024\/10\/wind-farm.jpg","contentUrl":"https:\/\/media.alj3.clients.lemonhq.io\/wp-content\/uploads\/2024\/10\/wind-farm.jpg","width":800,"height":600},{"@type":"BreadcrumbList","@id":"https:\/\/cms.alj3.clients.lemonhq.io\/es\/quick-reads\/a-breezy-future-for-africa-2\/#breadcrumb","itemListElement":[{"@type":"ListItem","position":1,"name":"Home","item":"https:\/\/10.0.2.222\/en\/"},{"@type":"ListItem","position":2,"name":"\u00bfUn futuro ventoso para \u00c1frica?"}]},{"@type":"WebSite","@id":"https:\/\/10.0.2.222\/en\/#website","url":"https:\/\/10.0.2.222\/en\/","name":"Abdul Latif Jameel","description":"","potentialAction":[{"@type":"SearchAction","target":{"@type":"EntryPoint","urlTemplate":"https:\/\/10.0.2.222\/en\/?s={search_term_string}"},"query-input":{"@type":"PropertyValueSpecification","valueRequired":true,"valueName":"search_term_string"}}],"inLanguage":"es"}]}},"post-meta-fields":{"_wp_page_template":["default"],"_oembed_4632b020e2ba4a5efcc3557f8cb56a26":["<iframe title=\"Abdul Latif Jameel Energy: What is a &#039;Wind Class&#039; (EN 16:9)\" width=\"500\" height=\"281\" src=\"https:\/\/www.youtube.com\/embed\/CbcmFHBI_Ek?feature=oembed\" frameborder=\"0\" allow=\"accelerometer; autoplay; clipboard-write; encrypted-media; gyroscope; picture-in-picture; web-share\" referrerpolicy=\"strict-origin-when-cross-origin\" allowfullscreen><\/iframe>"],"_oembed_time_4632b020e2ba4a5efcc3557f8cb56a26":["1729158943"],"_oembed_b2ce6bdd80b83328aa727ff966f71cd5":["{{unknown}}"],"_published_date":["field_6057129b493f5"],"published_date":["20191023"],"_location":["field_601267396ce72"],"location":["Dubai, Emiratos \u00c1rabes Unidos"],"_featured":["field_601a3b473c5c5"],"featured":["0"],"_footnotes":["field_66fd39afb9383"],"footnotes":["<a href=\"#_ftnref1\" name=\"_ftn1\">[1]<\/a> <a href=\"https:\/\/gwec.net\/winds-of-change-are-blowing-in-africa\/\">https:\/\/gwec.net\/winds-of-change-are-blowing-in-africa\/<\/a>\r\n\r\n<a href=\"#_ftnref2\" name=\"_ftn2\">[2]<\/a> <a href=\"https:\/\/www.seforall.org\/interventions\/electricity-for-all-in-africa\">https:\/\/www.seforall.org\/interventions\/electricity-for-all-in-africa<\/a>"],"_business_sector":["field_66f6b5bcac8cb"],"business_sector":["Energ\u00eda","Servicios Medioambientales"],"_content_series":["field_66fe3c439f8f6"],"content_series":[""],"_old_post_id":["field_66fe3fd59f8f7"],"old_post_id":["54175"],"_short_title":["field_60925d67125ef"],"short_title":["\u00bfUn futuro ventoso para \u00c1frica?"],"_summary":["field_6019304103a20"],"summary":["Como se pronostica que la poblaci\u00f3n de \u00c1frica aumentar\u00e1 en un 1,4% cada a\u00f1o hasta 2030, hay una creciente demanda de los mercados de energ\u00eda para mantenerse al d\u00eda con este crecimiento."],"_mobile_featured_image":["field_66f6b4bee65f3"],"mobile_featured_image":["https:\/\/media.alj3.clients.lemonhq.io\/wp-content\/uploads\/2024\/10\/wind-farm.jpg"],"_push_notification":["field_66f6b47de65f1"],"push_notification":[""],"_publish_mobile":["field_66f6b491e65f2"],"publish_mobile":["1"],"_status":["field_652694983fe12"],"status":["publish"],"_thumbnail_id":["8111"],"_wpml_word_count":["{\"total\":373,\"to_translate\":{\"ar\":373,\"zh-hans\":373,\"fr\":373,\"ja\":373,\"es\":373,\"tr\":373}}"],"_last_translation_edit_mode":["native-editor"],"_edit_lock":["1733374957:12"],"_edit_last":["12"],"_wpml_media_duplicate":["1"],"_wpml_media_featured":["1"],"_yoast_wpseo_estimated-reading-time-minutes":["1"],"select_category":["international"]},"_links":{"self":[{"href":"https:\/\/cms.alj3.clients.lemonhq.io\/es\/wp-json\/wp\/v2\/quickreads\/8130","targetHints":{"allow":["GET"]}}],"collection":[{"href":"https:\/\/cms.alj3.clients.lemonhq.io\/es\/wp-json\/wp\/v2\/quickreads"}],"about":[{"href":"https:\/\/cms.alj3.clients.lemonhq.io\/es\/wp-json\/wp\/v2\/types\/quickreads"}],"wp:featuredmedia":[{"embeddable":true,"href":"https:\/\/cms.alj3.clients.lemonhq.io\/es\/wp-json\/wp\/v2\/media\/8111"}],"wp:attachment":[{"href":"https:\/\/cms.alj3.clients.lemonhq.io\/es\/wp-json\/wp\/v2\/media?parent=8130"}],"curies":[{"name":"wp","href":"https:\/\/api.w.org\/{rel}","templated":true}]}}

¿Un futuro ventoso para África?

<p><em>&#8220;Las turbinas gigantes que se agitan en el viento son una vista rara en África, pero ese no será el caso por mucho tiempo&#8221;</em>, esa es la opinión compartida por el Consejo Mundial de Energía Eólica en un nuevo libro blanco que también destaca a África como un &#8220;mercado para cuidado con la industria de la energía eólica.</p>



<p>Como se pronostica que la población de África aumentará un 1,4% cada año hasta 2030 [1], existe una creciente demanda de los mercados de energía para mantenerse al día con este crecimiento y acelerar la electrificación universal en todo el continente. Actualmente, se pronostica que se estima que 600 millones de personas, 2 de cada 3 personas en África subsahariana, no tienen acceso a la electricidad [2], lo que afecta el desarrollo económico. Esta estadística solo puede empeorar a medida que la población crece, a menos que se tomen medidas.</p>



<p>Los países africanos se comprometen a alcanzar sus Objetivos de Desarrollo Sostenible (ODS), incluido el ODS 7, que busca garantizar el acceso a energía asequible, confiable, sostenible y moderna para todos. Por lo tanto, los gobiernos africanos reconocen que el aumento de la capacidad eléctrica solo puede lograrse mediante fuentes de energía limpia a través de soluciones sostenibles, señalando una clara oportunidad para explorar soluciones de energía renovable, siendo la energía eólica la más rentable de todas.</p>


<figure class="wp-block-embed is-type-video is-provider-youtube wp-block-embed-youtube wp-embed-aspect-16-9 wp-has-aspect-ratio"><div class="wp-block-embed__wrapper">https://www.youtube.com/watch?v=CbcmFHBI_Ek</div></figure>


<p>Abdul Latif Jameel Energy, a través de su empresa filial Fotowatio Renewable Ventures (FRV) está decidido a contribuir a garantizar un futuro más limpio y saludable para las comunidades de todo el mundo. Al ofrecer proyectos de energía eólica y solar fotovoltaica en todo el mundo, se enorgullece de estar a la vanguardia del conocimiento y la experiencia en energía renovable, lo que permite que una nueva generación se beneficie de una combinación energética revitalizada.</p>



<p>¡Esperamos observar el avance del sector de energía renovable de África y ver el papel que desempeñará la energía eólica en su desarrollo!</p>

<!-- This site is optimized with the Yoast SEO plugin v26.5 - https://yoast.com/wordpress/plugins/seo/ -->
<title>¿Un futuro ventoso para África? - Abdul Latif Jameel</title>
<meta name="robots" content="noindex, follow, max-snippet:-1, max-image-preview:large, max-video-preview:-1" />
<meta property="og:locale" content="es_ES" />
<meta property="og:type" content="article" />
<meta property="og:title" content="¿Un futuro ventoso para África? - Abdul Latif Jameel" />
<meta property="og:description" content="&#8220;Las turbinas gigantes que se agitan en el viento son una vista rara en África, pero ese no será el caso por mucho tiempo&#8221;, esa es la opinión compartida por el Consejo Mundial de Energía Eólica en un nuevo libro blanco que también destaca a África como un &#8220;mercado para cuidado con la industria de [&hellip;]" />
<meta property="og:url" content="https://cms.alj3.clients.lemonhq.io/es/quick-reads/a-breezy-future-for-africa-2/" />
<meta property="og:site_name" content="Abdul Latif Jameel" />
<meta property="article:modified_time" content="2024-12-05T05:04:49+00:00" />
<meta property="og:image" content="https://media.alj3.clients.lemonhq.io/wp-content/uploads/2024/10/wind-farm.jpg" />
	<meta property="og:image:width" content="800" />
	<meta property="og:image:height" content="600" />
	<meta property="og:image:type" content="image/jpeg" />
<meta name="twitter:card" content="summary_large_image" />
<meta name="twitter:label1" content="Tiempo de lectura" />
	<meta name="twitter:data1" content="1 minuto" />
<script type="application/ld+json" class="yoast-schema-graph">{"@context":"https://schema.org","@graph":[{"@type":"WebPage","@id":"https://cms.alj3.clients.lemonhq.io/es/quick-reads/a-breezy-future-for-africa-2/","url":"https://cms.alj3.clients.lemonhq.io/es/quick-reads/a-breezy-future-for-africa-2/","name":"¿Un futuro ventoso para África? - Abdul Latif Jameel","isPartOf":{"@id":"https://10.0.2.222/en/#website"},"primaryImageOfPage":{"@id":"https://cms.alj3.clients.lemonhq.io/es/quick-reads/a-breezy-future-for-africa-2/#primaryimage"},"image":{"@id":"https://cms.alj3.clients.lemonhq.io/es/quick-reads/a-breezy-future-for-africa-2/#primaryimage"},"thumbnailUrl":"https://media.alj3.clients.lemonhq.io/wp-content/uploads/2024/10/wind-farm.jpg","datePublished":"2019-10-23T13:04:59+00:00","dateModified":"2024-12-05T05:04:49+00:00","breadcrumb":{"@id":"https://cms.alj3.clients.lemonhq.io/es/quick-reads/a-breezy-future-for-africa-2/#breadcrumb"},"inLanguage":"es","potentialAction":[{"@type":"ReadAction","target":["https://cms.alj3.clients.lemonhq.io/es/quick-reads/a-breezy-future-for-africa-2/"]}]},{"@type":"ImageObject","inLanguage":"es","@id":"https://cms.alj3.clients.lemonhq.io/es/quick-reads/a-breezy-future-for-africa-2/#primaryimage","url":"https://media.alj3.clients.lemonhq.io/wp-content/uploads/2024/10/wind-farm.jpg","contentUrl":"https://media.alj3.clients.lemonhq.io/wp-content/uploads/2024/10/wind-farm.jpg","width":800,"height":600},{"@type":"BreadcrumbList","@id":"https://cms.alj3.clients.lemonhq.io/es/quick-reads/a-breezy-future-for-africa-2/#breadcrumb","itemListElement":[{"@type":"ListItem","position":1,"name":"Home","item":"https://10.0.2.222/en/"},{"@type":"ListItem","position":2,"name":"¿Un futuro ventoso para África?"}]},{"@type":"WebSite","@id":"https://10.0.2.222/en/#website","url":"https://10.0.2.222/en/","name":"Abdul Latif Jameel","description":"","potentialAction":[{"@type":"SearchAction","target":{"@type":"EntryPoint","urlTemplate":"https://10.0.2.222/en/?s={search_term_string}"},"query-input":{"@type":"PropertyValueSpecification","valueRequired":true,"valueName":"search_term_string"}}],"inLanguage":"es"}]}</script>
<!-- / Yoast SEO plugin. -->

¿Un futuro ventoso para África? - Abdul Latif Jameel

&#8220;Las turbinas gigantes que se agitan en el viento son una vista rara en África, pero ese no será el caso por mucho tiempo&#8221;, esa es la opinión compartida por el Consejo Mundial de Energía Eólica en un nuevo libro blanco que también destaca a África como un &#8220;mercado para cuidado con la industria de [&hellip;]

Dubai, Emiratos Árabes Unidos

Energía

Como se pronostica que la población de África aumentará en un 1,4% cada año hasta 2030, hay una creciente demanda de los mercados de energía para mantenerse al día con este crecimiento.
