{"id":8083,"date":"2019-10-15T05:56:37","date_gmt":"2019-10-15T05:56:37","guid":{"rendered":"https:\/\/cms.alj3.clients.lemonhq.io\/quick-reads\/congratulations-to-leading-economists-at-mit-for-nobel-prize-3\/"},"modified":"2024-10-17T10:44:54","modified_gmt":"2024-10-17T10:44:54","slug":"congratulations-to-leading-economists-at-mit-for-nobel-prize-3","status":"publish","type":"quickreads","link":"https:\/\/cms.alj3.clients.lemonhq.io\/es\/quick-reads\/congratulations-to-leading-economists-at-mit-for-nobel-prize-3\/","title":{"rendered":"\u00a1Felicidades a los economistas del ITM por el Premio Nobel!"},"content":{"rendered":"\n<p>En nombre de Abdul Latif Jameel, damos nuestra enhorabuena a <a href=\"http:\/\/economics.mit.edu\/faculty\/banerjee\">Abhijit Banerjee<\/a> y <a href=\"http:\/\/economics.mit.edu\/faculty\/eduflo\">Esther Duflo<\/a>, economistas del Instituto Tecnol\u00f3gico de Massachusetts (<a href=\"https:\/\/mit.edu\/\">ITM<\/a>), por recibir el Premio Nobel de Econom\u00eda de 2019 por su labor de <em>\u201cplanteamiento experimental sobre el alivio de la pobreza global\u201d.<\/em><\/p>\n\n\n\n<p>Abhijit y Esther son cofundadores del Laboratorio de acci\u00f3n contra la Pobreza de Abdul Latif Jameel (<a href=\"https:\/\/www.povertyactionlab.org\/\">J-PAL<\/a>) en MIT, en el ITM, el cual colabora y recibe el apoyo de <a href=\"https:\/\/communityjameel.org\/\">Jameel Community<\/a> desde 2005 para abordar las causas de la pobreza a trav\u00e9s de una evaluaci\u00f3n basada en la evidencia, incluidas cuestiones relacionadas con la salud, la educaci\u00f3n, el empleo juvenil y la inclusi\u00f3n econ\u00f3mica.<\/p>\n\n\n\n<p>Su trabajo ha &#8220;mejorado notablemente nuestra capacidad para luchar contra la pobreza en la pr\u00e1ctica&#8221;, afirm\u00f3 la <a href=\"https:\/\/www.nobelprize.org\/prizes\/uncategorized\/the-royal-swedish-academy-of-sciences\">Real Academia de las Ciencias de Suecia<\/a>, entidad que entrega el premio.&nbsp;<\/p>\n\n\n\n<p>La profesora Duflo es la segunda mujer que recibe el premio, que se entrega desde 1969, y la ganadora m\u00e1s joven a sus 46 a\u00f1os.<\/p>\n\n\n\n<p>\u00a1Felicidades por este logro!<\/p>\n\n\n\n<p>Puede leer la noticia completa <a href=\"http:\/\/news.mit.edu\/2019\/esther-duflo-abhijit-banerjee-win-2019-nobel-prize-economics-1014\">aqu\u00ed.<\/a><\/p>\n","protected":false},"featured_media":8075,"menu_order":0,"template":"","class_list":["post-8083","quickreads","type-quickreads","status-publish","has-post-thumbnail","hentry"],"acf":[],"yoast_head":"<!-- This site is optimized with the Yoast SEO plugin v26.5 - https:\/\/yoast.com\/wordpress\/plugins\/seo\/ -->\n<title>\u00a1Felicidades a los economistas del ITM por el Premio Nobel! - Abdul Latif Jameel<\/title>\n<meta name=\"robots\" content=\"noindex, follow, max-snippet:-1, max-image-preview:large, max-video-preview:-1\" \/>\n<meta property=\"og:locale\" content=\"es_ES\" \/>\n<meta property=\"og:type\" content=\"article\" \/>\n<meta property=\"og:title\" content=\"\u00a1Felicidades a los economistas del ITM por el Premio Nobel! - Abdul Latif Jameel\" \/>\n<meta property=\"og:description\" content=\"En nombre de Abdul Latif Jameel, damos nuestra enhorabuena a Abhijit Banerjee y Esther Duflo, economistas del Instituto Tecnol\u00f3gico de Massachusetts (ITM), por recibir el Premio Nobel de Econom\u00eda de 2019 por su labor de \u201cplanteamiento experimental sobre el alivio de la pobreza global\u201d. Abhijit y Esther son cofundadores del Laboratorio de acci\u00f3n contra la [&hellip;]\" \/>\n<meta property=\"og:url\" content=\"https:\/\/cms.alj3.clients.lemonhq.io\/es\/quick-reads\/congratulations-to-leading-economists-at-mit-for-nobel-prize-3\/\" \/>\n<meta property=\"og:site_name\" content=\"Abdul Latif Jameel\" \/>\n<meta property=\"article:modified_time\" content=\"2024-10-17T10:44:54+00:00\" \/>\n<meta property=\"og:image\" content=\"https:\/\/media.alj3.clients.lemonhq.io\/wp-content\/uploads\/2024\/10\/MIT-Duflo-Banerjee-Nobel-Econ-01_1.jpg\" \/>\n\t<meta property=\"og:image:width\" content=\"639\" \/>\n\t<meta property=\"og:image:height\" content=\"426\" \/>\n\t<meta property=\"og:image:type\" content=\"image\/jpeg\" \/>\n<meta name=\"twitter:card\" content=\"summary_large_image\" \/>\n<meta name=\"twitter:label1\" content=\"Tiempo de lectura\" \/>\n\t<meta name=\"twitter:data1\" content=\"1 minuto\" \/>\n<script type=\"application\/ld+json\" class=\"yoast-schema-graph\">{\"@context\":\"https:\/\/schema.org\",\"@graph\":[{\"@type\":\"WebPage\",\"@id\":\"https:\/\/cms.alj3.clients.lemonhq.io\/es\/quick-reads\/congratulations-to-leading-economists-at-mit-for-nobel-prize-3\/\",\"url\":\"https:\/\/cms.alj3.clients.lemonhq.io\/es\/quick-reads\/congratulations-to-leading-economists-at-mit-for-nobel-prize-3\/\",\"name\":\"\u00a1Felicidades a los economistas del ITM por el Premio Nobel! - Abdul Latif Jameel\",\"isPartOf\":{\"@id\":\"https:\/\/10.0.2.222\/en\/#website\"},\"primaryImageOfPage\":{\"@id\":\"https:\/\/cms.alj3.clients.lemonhq.io\/es\/quick-reads\/congratulations-to-leading-economists-at-mit-for-nobel-prize-3\/#primaryimage\"},\"image\":{\"@id\":\"https:\/\/cms.alj3.clients.lemonhq.io\/es\/quick-reads\/congratulations-to-leading-economists-at-mit-for-nobel-prize-3\/#primaryimage\"},\"thumbnailUrl\":\"https:\/\/media.alj3.clients.lemonhq.io\/wp-content\/uploads\/2024\/10\/MIT-Duflo-Banerjee-Nobel-Econ-01_1.jpg\",\"datePublished\":\"2019-10-15T05:56:37+00:00\",\"dateModified\":\"2024-10-17T10:44:54+00:00\",\"breadcrumb\":{\"@id\":\"https:\/\/cms.alj3.clients.lemonhq.io\/es\/quick-reads\/congratulations-to-leading-economists-at-mit-for-nobel-prize-3\/#breadcrumb\"},\"inLanguage\":\"es\",\"potentialAction\":[{\"@type\":\"ReadAction\",\"target\":[\"https:\/\/cms.alj3.clients.lemonhq.io\/es\/quick-reads\/congratulations-to-leading-economists-at-mit-for-nobel-prize-3\/\"]}]},{\"@type\":\"ImageObject\",\"inLanguage\":\"es\",\"@id\":\"https:\/\/cms.alj3.clients.lemonhq.io\/es\/quick-reads\/congratulations-to-leading-economists-at-mit-for-nobel-prize-3\/#primaryimage\",\"url\":\"https:\/\/media.alj3.clients.lemonhq.io\/wp-content\/uploads\/2024\/10\/MIT-Duflo-Banerjee-Nobel-Econ-01_1.jpg\",\"contentUrl\":\"https:\/\/media.alj3.clients.lemonhq.io\/wp-content\/uploads\/2024\/10\/MIT-Duflo-Banerjee-Nobel-Econ-01_1.jpg\",\"width\":639,\"height\":426},{\"@type\":\"BreadcrumbList\",\"@id\":\"https:\/\/cms.alj3.clients.lemonhq.io\/es\/quick-reads\/congratulations-to-leading-economists-at-mit-for-nobel-prize-3\/#breadcrumb\",\"itemListElement\":[{\"@type\":\"ListItem\",\"position\":1,\"name\":\"Home\",\"item\":\"https:\/\/10.0.2.222\/en\/\"},{\"@type\":\"ListItem\",\"position\":2,\"name\":\"\u00a1Felicidades a los economistas del ITM por el Premio Nobel!\"}]},{\"@type\":\"WebSite\",\"@id\":\"https:\/\/10.0.2.222\/en\/#website\",\"url\":\"https:\/\/10.0.2.222\/en\/\",\"name\":\"Abdul Latif Jameel\",\"description\":\"\",\"potentialAction\":[{\"@type\":\"SearchAction\",\"target\":{\"@type\":\"EntryPoint\",\"urlTemplate\":\"https:\/\/10.0.2.222\/en\/?s={search_term_string}\"},\"query-input\":{\"@type\":\"PropertyValueSpecification\",\"valueRequired\":true,\"valueName\":\"search_term_string\"}}],\"inLanguage\":\"es\"}]}<\/script>\n<!-- \/ Yoast SEO plugin. -->","yoast_head_json":{"title":"\u00a1Felicidades a los economistas del ITM por el Premio Nobel! - Abdul Latif Jameel","robots":{"index":"noindex","follow":"follow","max-snippet":"max-snippet:-1","max-image-preview":"max-image-preview:large","max-video-preview":"max-video-preview:-1"},"og_locale":"es_ES","og_type":"article","og_title":"\u00a1Felicidades a los economistas del ITM por el Premio Nobel! - Abdul Latif Jameel","og_description":"En nombre de Abdul Latif Jameel, damos nuestra enhorabuena a Abhijit Banerjee y Esther Duflo, economistas del Instituto Tecnol\u00f3gico de Massachusetts (ITM), por recibir el Premio Nobel de Econom\u00eda de 2019 por su labor de \u201cplanteamiento experimental sobre el alivio de la pobreza global\u201d. Abhijit y Esther son cofundadores del Laboratorio de acci\u00f3n contra la [&hellip;]","og_url":"https:\/\/cms.alj3.clients.lemonhq.io\/es\/quick-reads\/congratulations-to-leading-economists-at-mit-for-nobel-prize-3\/","og_site_name":"Abdul Latif Jameel","article_modified_time":"2024-10-17T10:44:54+00:00","og_image":[{"width":639,"height":426,"url":"https:\/\/media.alj3.clients.lemonhq.io\/wp-content\/uploads\/2024\/10\/MIT-Duflo-Banerjee-Nobel-Econ-01_1.jpg","type":"image\/jpeg"}],"twitter_card":"summary_large_image","twitter_misc":{"Tiempo de lectura":"1 minuto"},"schema":{"@context":"https:\/\/schema.org","@graph":[{"@type":"WebPage","@id":"https:\/\/cms.alj3.clients.lemonhq.io\/es\/quick-reads\/congratulations-to-leading-economists-at-mit-for-nobel-prize-3\/","url":"https:\/\/cms.alj3.clients.lemonhq.io\/es\/quick-reads\/congratulations-to-leading-economists-at-mit-for-nobel-prize-3\/","name":"\u00a1Felicidades a los economistas del ITM por el Premio Nobel! - Abdul Latif Jameel","isPartOf":{"@id":"https:\/\/10.0.2.222\/en\/#website"},"primaryImageOfPage":{"@id":"https:\/\/cms.alj3.clients.lemonhq.io\/es\/quick-reads\/congratulations-to-leading-economists-at-mit-for-nobel-prize-3\/#primaryimage"},"image":{"@id":"https:\/\/cms.alj3.clients.lemonhq.io\/es\/quick-reads\/congratulations-to-leading-economists-at-mit-for-nobel-prize-3\/#primaryimage"},"thumbnailUrl":"https:\/\/media.alj3.clients.lemonhq.io\/wp-content\/uploads\/2024\/10\/MIT-Duflo-Banerjee-Nobel-Econ-01_1.jpg","datePublished":"2019-10-15T05:56:37+00:00","dateModified":"2024-10-17T10:44:54+00:00","breadcrumb":{"@id":"https:\/\/cms.alj3.clients.lemonhq.io\/es\/quick-reads\/congratulations-to-leading-economists-at-mit-for-nobel-prize-3\/#breadcrumb"},"inLanguage":"es","potentialAction":[{"@type":"ReadAction","target":["https:\/\/cms.alj3.clients.lemonhq.io\/es\/quick-reads\/congratulations-to-leading-economists-at-mit-for-nobel-prize-3\/"]}]},{"@type":"ImageObject","inLanguage":"es","@id":"https:\/\/cms.alj3.clients.lemonhq.io\/es\/quick-reads\/congratulations-to-leading-economists-at-mit-for-nobel-prize-3\/#primaryimage","url":"https:\/\/media.alj3.clients.lemonhq.io\/wp-content\/uploads\/2024\/10\/MIT-Duflo-Banerjee-Nobel-Econ-01_1.jpg","contentUrl":"https:\/\/media.alj3.clients.lemonhq.io\/wp-content\/uploads\/2024\/10\/MIT-Duflo-Banerjee-Nobel-Econ-01_1.jpg","width":639,"height":426},{"@type":"BreadcrumbList","@id":"https:\/\/cms.alj3.clients.lemonhq.io\/es\/quick-reads\/congratulations-to-leading-economists-at-mit-for-nobel-prize-3\/#breadcrumb","itemListElement":[{"@type":"ListItem","position":1,"name":"Home","item":"https:\/\/10.0.2.222\/en\/"},{"@type":"ListItem","position":2,"name":"\u00a1Felicidades a los economistas del ITM por el Premio Nobel!"}]},{"@type":"WebSite","@id":"https:\/\/10.0.2.222\/en\/#website","url":"https:\/\/10.0.2.222\/en\/","name":"Abdul Latif Jameel","description":"","potentialAction":[{"@type":"SearchAction","target":{"@type":"EntryPoint","urlTemplate":"https:\/\/10.0.2.222\/en\/?s={search_term_string}"},"query-input":{"@type":"PropertyValueSpecification","valueRequired":true,"valueName":"search_term_string"}}],"inLanguage":"es"}]}},"post-meta-fields":{"_wp_page_template":["default"],"_oembed_ce18eb6cf3ca746486bf6820f67866be":["{{unknown}}"],"_published_date":["field_6057129b493f5"],"published_date":["20191015"],"_location":["field_601267396ce72"],"location":["Boston, Estados Unidos"],"_featured":["field_601a3b473c5c5"],"featured":[""],"_footnotes":["field_66fd39afb9383"],"footnotes":[""],"_business_sector":["field_66f6b5bcac8cb"],"business_sector":["Community Jameel"],"_content_series":["field_66fe3c439f8f6"],"content_series":[""],"_old_post_id":["field_66fe3fd59f8f7"],"old_post_id":["53071"],"_short_title":["field_60925d67125ef"],"short_title":["\u00a1Felicitaciones a los ganadores del Premio Nobel en J-PAL!"],"_summary":["field_6019304103a20"],"summary":["Queremos dar la enhorabuena a Abhijit Banerjee y Esther Duflo, economistas del ITM, por recibir el Premio Nobel de Econom\u00eda de 2019."],"_mobile_featured_image":["field_66f6b4bee65f3"],"mobile_featured_image":["https:\/\/media.alj3.clients.lemonhq.io\/wp-content\/uploads\/2024\/10\/MIT-Duflo-Banerjee-Nobel-Econ-01_1.jpg"],"_push_notification":["field_66f6b47de65f1"],"push_notification":[""],"_publish_mobile":["field_66f6b491e65f2"],"publish_mobile":["1"],"_status":["field_652694983fe12"],"status":["publish"],"_thumbnail_id":["8075"],"_wpml_word_count":["{\"total\":224,\"to_translate\":{\"ar\":224,\"zh-hans\":224,\"fr\":224,\"ja\":224,\"es\":224,\"tr\":224}}"],"_last_translation_edit_mode":["translation-editor"],"_edit_lock":["1733211203:12"],"select_category":["international"]},"_links":{"self":[{"href":"https:\/\/cms.alj3.clients.lemonhq.io\/es\/wp-json\/wp\/v2\/quickreads\/8083","targetHints":{"allow":["GET"]}}],"collection":[{"href":"https:\/\/cms.alj3.clients.lemonhq.io\/es\/wp-json\/wp\/v2\/quickreads"}],"about":[{"href":"https:\/\/cms.alj3.clients.lemonhq.io\/es\/wp-json\/wp\/v2\/types\/quickreads"}],"wp:featuredmedia":[{"embeddable":true,"href":"https:\/\/cms.alj3.clients.lemonhq.io\/es\/wp-json\/wp\/v2\/media\/8075"}],"wp:attachment":[{"href":"https:\/\/cms.alj3.clients.lemonhq.io\/es\/wp-json\/wp\/v2\/media?parent=8083"}],"curies":[{"name":"wp","href":"https:\/\/api.w.org\/{rel}","templated":true}]}}

<p>En nombre de Abdul Latif Jameel, damos nuestra enhorabuena a <a href="http://economics.mit.edu/faculty/banerjee">Abhijit Banerjee</a> y <a href="http://economics.mit.edu/faculty/eduflo">Esther Duflo</a>, economistas del Instituto Tecnológico de Massachusetts (<a href="https://mit.edu/">ITM</a>), por recibir el Premio Nobel de Economía de 2019 por su labor de <em>“planteamiento experimental sobre el alivio de la pobreza global”.</em></p>



<p>Abhijit y Esther son cofundadores del Laboratorio de acción contra la Pobreza de Abdul Latif Jameel (<a href="https://www.povertyactionlab.org/">J-PAL</a>) en MIT, en el ITM, el cual colabora y recibe el apoyo de <a href="https://communityjameel.org/">Jameel Community</a> desde 2005 para abordar las causas de la pobreza a través de una evaluación basada en la evidencia, incluidas cuestiones relacionadas con la salud, la educación, el empleo juvenil y la inclusión económica.</p>



<p>Su trabajo ha &#8220;mejorado notablemente nuestra capacidad para luchar contra la pobreza en la práctica&#8221;, afirmó la <a href="https://www.nobelprize.org/prizes/uncategorized/the-royal-swedish-academy-of-sciences">Real Academia de las Ciencias de Suecia</a>, entidad que entrega el premio.&nbsp;</p>



<p>La profesora Duflo es la segunda mujer que recibe el premio, que se entrega desde 1969, y la ganadora más joven a sus 46 años.</p>



<p>¡Felicidades por este logro!</p>



<p>Puede leer la noticia completa <a href="http://news.mit.edu/2019/esther-duflo-abhijit-banerjee-win-2019-nobel-prize-economics-1014">aquí.</a></p>

<!-- This site is optimized with the Yoast SEO plugin v26.5 - https://yoast.com/wordpress/plugins/seo/ -->
<title>¡Felicidades a los economistas del ITM por el Premio Nobel! - Abdul Latif Jameel</title>
<meta name="robots" content="noindex, follow, max-snippet:-1, max-image-preview:large, max-video-preview:-1" />
<meta property="og:locale" content="es_ES" />
<meta property="og:type" content="article" />
<meta property="og:title" content="¡Felicidades a los economistas del ITM por el Premio Nobel! - Abdul Latif Jameel" />
<meta property="og:description" content="En nombre de Abdul Latif Jameel, damos nuestra enhorabuena a Abhijit Banerjee y Esther Duflo, economistas del Instituto Tecnológico de Massachusetts (ITM), por recibir el Premio Nobel de Economía de 2019 por su labor de “planteamiento experimental sobre el alivio de la pobreza global”. Abhijit y Esther son cofundadores del Laboratorio de acción contra la [&hellip;]" />
<meta property="og:url" content="https://cms.alj3.clients.lemonhq.io/es/quick-reads/congratulations-to-leading-economists-at-mit-for-nobel-prize-3/" />
<meta property="og:site_name" content="Abdul Latif Jameel" />
<meta property="article:modified_time" content="2024-10-17T10:44:54+00:00" />
<meta property="og:image" content="https://media.alj3.clients.lemonhq.io/wp-content/uploads/2024/10/MIT-Duflo-Banerjee-Nobel-Econ-01_1.jpg" />
	<meta property="og:image:width" content="639" />
	<meta property="og:image:height" content="426" />
	<meta property="og:image:type" content="image/jpeg" />
<meta name="twitter:card" content="summary_large_image" />
<meta name="twitter:label1" content="Tiempo de lectura" />
	<meta name="twitter:data1" content="1 minuto" />
<script type="application/ld+json" class="yoast-schema-graph">{"@context":"https://schema.org","@graph":[{"@type":"WebPage","@id":"https://cms.alj3.clients.lemonhq.io/es/quick-reads/congratulations-to-leading-economists-at-mit-for-nobel-prize-3/","url":"https://cms.alj3.clients.lemonhq.io/es/quick-reads/congratulations-to-leading-economists-at-mit-for-nobel-prize-3/","name":"¡Felicidades a los economistas del ITM por el Premio Nobel! - Abdul Latif Jameel","isPartOf":{"@id":"https://10.0.2.222/en/#website"},"primaryImageOfPage":{"@id":"https://cms.alj3.clients.lemonhq.io/es/quick-reads/congratulations-to-leading-economists-at-mit-for-nobel-prize-3/#primaryimage"},"image":{"@id":"https://cms.alj3.clients.lemonhq.io/es/quick-reads/congratulations-to-leading-economists-at-mit-for-nobel-prize-3/#primaryimage"},"thumbnailUrl":"https://media.alj3.clients.lemonhq.io/wp-content/uploads/2024/10/MIT-Duflo-Banerjee-Nobel-Econ-01_1.jpg","datePublished":"2019-10-15T05:56:37+00:00","dateModified":"2024-10-17T10:44:54+00:00","breadcrumb":{"@id":"https://cms.alj3.clients.lemonhq.io/es/quick-reads/congratulations-to-leading-economists-at-mit-for-nobel-prize-3/#breadcrumb"},"inLanguage":"es","potentialAction":[{"@type":"ReadAction","target":["https://cms.alj3.clients.lemonhq.io/es/quick-reads/congratulations-to-leading-economists-at-mit-for-nobel-prize-3/"]}]},{"@type":"ImageObject","inLanguage":"es","@id":"https://cms.alj3.clients.lemonhq.io/es/quick-reads/congratulations-to-leading-economists-at-mit-for-nobel-prize-3/#primaryimage","url":"https://media.alj3.clients.lemonhq.io/wp-content/uploads/2024/10/MIT-Duflo-Banerjee-Nobel-Econ-01_1.jpg","contentUrl":"https://media.alj3.clients.lemonhq.io/wp-content/uploads/2024/10/MIT-Duflo-Banerjee-Nobel-Econ-01_1.jpg","width":639,"height":426},{"@type":"BreadcrumbList","@id":"https://cms.alj3.clients.lemonhq.io/es/quick-reads/congratulations-to-leading-economists-at-mit-for-nobel-prize-3/#breadcrumb","itemListElement":[{"@type":"ListItem","position":1,"name":"Home","item":"https://10.0.2.222/en/"},{"@type":"ListItem","position":2,"name":"¡Felicidades a los economistas del ITM por el Premio Nobel!"}]},{"@type":"WebSite","@id":"https://10.0.2.222/en/#website","url":"https://10.0.2.222/en/","name":"Abdul Latif Jameel","description":"","potentialAction":[{"@type":"SearchAction","target":{"@type":"EntryPoint","urlTemplate":"https://10.0.2.222/en/?s={search_term_string}"},"query-input":{"@type":"PropertyValueSpecification","valueRequired":true,"valueName":"search_term_string"}}],"inLanguage":"es"}]}</script>
<!-- / Yoast SEO plugin. -->

En nombre de Abdul Latif Jameel, damos nuestra enhorabuena a Abhijit Banerjee y Esther Duflo, economistas del Instituto Tecnológico de Massachusetts (ITM), por recibir el Premio Nobel de Economía de 2019 por su labor de “planteamiento experimental sobre el alivio de la pobreza global”. Abhijit y Esther son cofundadores del Laboratorio de acción contra la [&hellip;]

Queremos dar la enhorabuena a Abhijit Banerjee y Esther Duflo, economistas del ITM, por recibir el Premio Nobel de Economía de 2019.
