{"id":7765,"date":"2019-06-24T08:34:08","date_gmt":"2019-06-24T08:34:08","guid":{"rendered":"https:\/\/cms.alj3.clients.lemonhq.io\/quick-reads\/abdul-latif-jameel-energy-takes-lead-mirec-week\/"},"modified":"2025-12-09T08:42:59","modified_gmt":"2025-12-09T08:42:59","slug":"abdul-latif-jameel-energy-takes-lead-mirec-week","status":"publish","type":"quickreads","link":"https:\/\/cms.alj3.clients.lemonhq.io\/en\/quick-reads\/abdul-latif-jameel-energy-takes-lead-mirec-week\/","title":{"rendered":"Abdul Latif Jameel Energy takes the lead at MIREC WEEK"},"content":{"rendered":"\n<p>Abdul Latif Jameel Energy further enhanced its position as one of the world\u2019s leading producers of renewable energy when Chief Executive Roberto de Diego Arozamena took a prominent role at <a href=\"http:\/\/mirecweek.com\/\" target=\"_blank\" rel=\"noopener noreferrer\">MIREC WEEK<\/a>, Mexico\u2019s leading clean energy congress and exhibition.<\/p>\n\n\n\n<p>Mr Arozamena joined 1,500 attendees and 197 speakers over the five-day event in Mexico City.&nbsp; He was part of an expert panel which concluded that Mexico\u2019s established and continuous <a href=\"https:\/\/www.alj.com\/en\/energy-and-environmental-services\/energy-overview\/\">renewable energy<\/a> program will be an increasingly attractive investment market as some environmental policies elsewhere in the region may give rise to uncertainty.<\/p>\n\n\n\n<blockquote class=\"wp-block-quote is-layout-flow wp-block-quote-is-layout-flow\">\n<p><em>\u201cMIREC is an excellent forum with high level participants that share experience and views on how to best address the significant renewable energy opportunities that Mexico\u2019s program offers.&nbsp; Mexico is an important market for us and it was a pleasure to participate and share international experiences with Government officials and colleagues in the industry.\u201d<\/em>&nbsp; Roberto commented at the event.<\/p>\n<\/blockquote>\n\n\n\n<p>MIREC WEEK remains the largest marketplace and networking platform for Mexico\u2019s clean energy sector.&nbsp; Executives, thought leaders and decision-makers gathered alongside representatives from the financial sector; industry experts; government representatives; leading developers, technology and service providers; and electric vehicle experts.<\/p>\n\n\n\n<p>Attendees at this year\u2019s event included Felipe Calder\u00f3n, former President of Mexico; Dr Jeremy Leggett, Founder of Solarcentury and Solaraid; and Danny Kennedy, Managing Director of California Clean Energy Fund (CALCEF).<\/p>\n\n\n\n<p>Through Fotowatio Renewable Ventures (FRV), a leading global developer of utility-scale solar power plants, Abdul Latif Jameel Energy is already making significant progress in delivering clean energy across Mexico.&nbsp; In November 2016, it was awarded a 300 MW solar project in the country\u2019s second electricity market auction conducted by the National Energy Control Center (CENACE) of Mexico.<\/p>\n\n\n\n<p>The photovoltaic plant \u2013 called Potos\u00ed Solar, after its location in San Lu\u00eds de Potos\u00ed \u2013 will be operational in 2019.&nbsp; It will supply approximately 76,000 homes and eliminate almost 98 million tons of CO<sub>2<\/sub> emissions.<\/p>\n\n\n\n<p>Abdul Latif Jameel Energy\u2019s FRV continues to be actively investing in the Middle East. &nbsp;In May 2017, it started construction on two of the largest solar PV projects in Jordan.&nbsp; Between them, the Mafraq I and Mafraq II plants will provide clean energy for 80,000 homes.<\/p>\n\n\n\n<figure class=\"wp-block-image\"><img decoding=\"async\" src=\"https:\/\/media.alj.com\/app\/uploads\/2019\/06\/MIREC_Logo.png\" alt=\"\" class=\"wp-image-1094\"\/><\/figure>\n\n\n\n<p><\/p>\n","protected":false},"featured_media":7767,"menu_order":0,"template":"","class_list":["post-7765","quickreads","type-quickreads","status-publish","has-post-thumbnail","hentry"],"acf":[],"yoast_head":"<!-- This site is optimized with the Yoast SEO plugin v26.5 - https:\/\/yoast.com\/wordpress\/plugins\/seo\/ -->\n<title>Abdul Latif Jameel Energy takes the lead at MIREC WEEK - Abdul Latif Jameel<\/title>\n<meta name=\"robots\" content=\"noindex, follow, max-snippet:-1, max-image-preview:large, max-video-preview:-1\" \/>\n<meta property=\"og:locale\" content=\"en_US\" \/>\n<meta property=\"og:type\" content=\"article\" \/>\n<meta property=\"og:title\" content=\"Abdul Latif Jameel Energy takes the lead at MIREC WEEK - Abdul Latif Jameel\" \/>\n<meta property=\"og:description\" content=\"Abdul Latif Jameel Energy further enhanced its position as one of the world\u2019s leading producers of renewable energy when Chief Executive Roberto de Diego Arozamena took a prominent role at MIREC WEEK, Mexico\u2019s leading clean energy congress and exhibition. Mr Arozamena joined 1,500 attendees and 197 speakers over the five-day event in Mexico City.&nbsp; He [&hellip;]\" \/>\n<meta property=\"og:url\" content=\"https:\/\/cms.alj3.clients.lemonhq.io\/en\/quick-reads\/abdul-latif-jameel-energy-takes-lead-mirec-week\/\" \/>\n<meta property=\"og:site_name\" content=\"Abdul Latif Jameel\" \/>\n<meta property=\"article:modified_time\" content=\"2025-12-09T08:42:59+00:00\" \/>\n<meta property=\"og:image\" content=\"https:\/\/media.alj3.clients.lemonhq.io\/wp-content\/uploads\/2024\/10\/FA26-ODSUM17-Article_Detail.jpg\" \/>\n\t<meta property=\"og:image:width\" content=\"876\" \/>\n\t<meta property=\"og:image:height\" content=\"416\" \/>\n\t<meta property=\"og:image:type\" content=\"image\/jpeg\" \/>\n<meta name=\"twitter:card\" content=\"summary_large_image\" \/>\n<meta name=\"twitter:label1\" content=\"Est. reading time\" \/>\n\t<meta name=\"twitter:data1\" content=\"2 minutes\" \/>\n<script type=\"application\/ld+json\" class=\"yoast-schema-graph\">{\"@context\":\"https:\/\/schema.org\",\"@graph\":[{\"@type\":\"WebPage\",\"@id\":\"https:\/\/cms.alj3.clients.lemonhq.io\/en\/quick-reads\/abdul-latif-jameel-energy-takes-lead-mirec-week\/\",\"url\":\"https:\/\/cms.alj3.clients.lemonhq.io\/en\/quick-reads\/abdul-latif-jameel-energy-takes-lead-mirec-week\/\",\"name\":\"Abdul Latif Jameel Energy takes the lead at MIREC WEEK - Abdul Latif Jameel\",\"isPartOf\":{\"@id\":\"https:\/\/10.0.2.222\/en\/#website\"},\"primaryImageOfPage\":{\"@id\":\"https:\/\/cms.alj3.clients.lemonhq.io\/en\/quick-reads\/abdul-latif-jameel-energy-takes-lead-mirec-week\/#primaryimage\"},\"image\":{\"@id\":\"https:\/\/cms.alj3.clients.lemonhq.io\/en\/quick-reads\/abdul-latif-jameel-energy-takes-lead-mirec-week\/#primaryimage\"},\"thumbnailUrl\":\"https:\/\/media.alj3.clients.lemonhq.io\/wp-content\/uploads\/2024\/10\/FA26-ODSUM17-Article_Detail.jpg\",\"datePublished\":\"2019-06-24T08:34:08+00:00\",\"dateModified\":\"2025-12-09T08:42:59+00:00\",\"breadcrumb\":{\"@id\":\"https:\/\/cms.alj3.clients.lemonhq.io\/en\/quick-reads\/abdul-latif-jameel-energy-takes-lead-mirec-week\/#breadcrumb\"},\"inLanguage\":\"en-US\",\"potentialAction\":[{\"@type\":\"ReadAction\",\"target\":[\"https:\/\/cms.alj3.clients.lemonhq.io\/en\/quick-reads\/abdul-latif-jameel-energy-takes-lead-mirec-week\/\"]}]},{\"@type\":\"ImageObject\",\"inLanguage\":\"en-US\",\"@id\":\"https:\/\/cms.alj3.clients.lemonhq.io\/en\/quick-reads\/abdul-latif-jameel-energy-takes-lead-mirec-week\/#primaryimage\",\"url\":\"https:\/\/media.alj3.clients.lemonhq.io\/wp-content\/uploads\/2024\/10\/FA26-ODSUM17-Article_Detail.jpg\",\"contentUrl\":\"https:\/\/media.alj3.clients.lemonhq.io\/wp-content\/uploads\/2024\/10\/FA26-ODSUM17-Article_Detail.jpg\",\"width\":876,\"height\":416},{\"@type\":\"BreadcrumbList\",\"@id\":\"https:\/\/cms.alj3.clients.lemonhq.io\/en\/quick-reads\/abdul-latif-jameel-energy-takes-lead-mirec-week\/#breadcrumb\",\"itemListElement\":[{\"@type\":\"ListItem\",\"position\":1,\"name\":\"Home\",\"item\":\"https:\/\/10.0.2.222\/en\/\"},{\"@type\":\"ListItem\",\"position\":2,\"name\":\"Abdul Latif Jameel Energy takes the lead at MIREC WEEK\"}]},{\"@type\":\"WebSite\",\"@id\":\"https:\/\/10.0.2.222\/en\/#website\",\"url\":\"https:\/\/10.0.2.222\/en\/\",\"name\":\"Abdul Latif Jameel\",\"description\":\"\",\"potentialAction\":[{\"@type\":\"SearchAction\",\"target\":{\"@type\":\"EntryPoint\",\"urlTemplate\":\"https:\/\/10.0.2.222\/en\/?s={search_term_string}\"},\"query-input\":{\"@type\":\"PropertyValueSpecification\",\"valueRequired\":true,\"valueName\":\"search_term_string\"}}],\"inLanguage\":\"en-US\"}]}<\/script>\n<!-- \/ Yoast SEO plugin. -->","yoast_head_json":{"title":"Abdul Latif Jameel Energy takes the lead at MIREC WEEK - Abdul Latif Jameel","robots":{"index":"noindex","follow":"follow","max-snippet":"max-snippet:-1","max-image-preview":"max-image-preview:large","max-video-preview":"max-video-preview:-1"},"og_locale":"en_US","og_type":"article","og_title":"Abdul Latif Jameel Energy takes the lead at MIREC WEEK - Abdul Latif Jameel","og_description":"Abdul Latif Jameel Energy further enhanced its position as one of the world\u2019s leading producers of renewable energy when Chief Executive Roberto de Diego Arozamena took a prominent role at MIREC WEEK, Mexico\u2019s leading clean energy congress and exhibition. Mr Arozamena joined 1,500 attendees and 197 speakers over the five-day event in Mexico City.&nbsp; He [&hellip;]","og_url":"https:\/\/cms.alj3.clients.lemonhq.io\/en\/quick-reads\/abdul-latif-jameel-energy-takes-lead-mirec-week\/","og_site_name":"Abdul Latif Jameel","article_modified_time":"2025-12-09T08:42:59+00:00","og_image":[{"width":876,"height":416,"url":"https:\/\/media.alj3.clients.lemonhq.io\/wp-content\/uploads\/2024\/10\/FA26-ODSUM17-Article_Detail.jpg","type":"image\/jpeg"}],"twitter_card":"summary_large_image","twitter_misc":{"Est. reading time":"2 minutes"},"schema":{"@context":"https:\/\/schema.org","@graph":[{"@type":"WebPage","@id":"https:\/\/cms.alj3.clients.lemonhq.io\/en\/quick-reads\/abdul-latif-jameel-energy-takes-lead-mirec-week\/","url":"https:\/\/cms.alj3.clients.lemonhq.io\/en\/quick-reads\/abdul-latif-jameel-energy-takes-lead-mirec-week\/","name":"Abdul Latif Jameel Energy takes the lead at MIREC WEEK - Abdul Latif Jameel","isPartOf":{"@id":"https:\/\/10.0.2.222\/en\/#website"},"primaryImageOfPage":{"@id":"https:\/\/cms.alj3.clients.lemonhq.io\/en\/quick-reads\/abdul-latif-jameel-energy-takes-lead-mirec-week\/#primaryimage"},"image":{"@id":"https:\/\/cms.alj3.clients.lemonhq.io\/en\/quick-reads\/abdul-latif-jameel-energy-takes-lead-mirec-week\/#primaryimage"},"thumbnailUrl":"https:\/\/media.alj3.clients.lemonhq.io\/wp-content\/uploads\/2024\/10\/FA26-ODSUM17-Article_Detail.jpg","datePublished":"2019-06-24T08:34:08+00:00","dateModified":"2025-12-09T08:42:59+00:00","breadcrumb":{"@id":"https:\/\/cms.alj3.clients.lemonhq.io\/en\/quick-reads\/abdul-latif-jameel-energy-takes-lead-mirec-week\/#breadcrumb"},"inLanguage":"en-US","potentialAction":[{"@type":"ReadAction","target":["https:\/\/cms.alj3.clients.lemonhq.io\/en\/quick-reads\/abdul-latif-jameel-energy-takes-lead-mirec-week\/"]}]},{"@type":"ImageObject","inLanguage":"en-US","@id":"https:\/\/cms.alj3.clients.lemonhq.io\/en\/quick-reads\/abdul-latif-jameel-energy-takes-lead-mirec-week\/#primaryimage","url":"https:\/\/media.alj3.clients.lemonhq.io\/wp-content\/uploads\/2024\/10\/FA26-ODSUM17-Article_Detail.jpg","contentUrl":"https:\/\/media.alj3.clients.lemonhq.io\/wp-content\/uploads\/2024\/10\/FA26-ODSUM17-Article_Detail.jpg","width":876,"height":416},{"@type":"BreadcrumbList","@id":"https:\/\/cms.alj3.clients.lemonhq.io\/en\/quick-reads\/abdul-latif-jameel-energy-takes-lead-mirec-week\/#breadcrumb","itemListElement":[{"@type":"ListItem","position":1,"name":"Home","item":"https:\/\/10.0.2.222\/en\/"},{"@type":"ListItem","position":2,"name":"Abdul Latif Jameel Energy takes the lead at MIREC WEEK"}]},{"@type":"WebSite","@id":"https:\/\/10.0.2.222\/en\/#website","url":"https:\/\/10.0.2.222\/en\/","name":"Abdul Latif Jameel","description":"","potentialAction":[{"@type":"SearchAction","target":{"@type":"EntryPoint","urlTemplate":"https:\/\/10.0.2.222\/en\/?s={search_term_string}"},"query-input":{"@type":"PropertyValueSpecification","valueRequired":true,"valueName":"search_term_string"}}],"inLanguage":"en-US"}]}},"post-meta-fields":{"_wp_page_template":["default"],"_published_date":["field_6057129b493f5"],"published_date":["20170702"],"_location":["field_601267396ce72"],"location":[""],"_featured":["field_601a3b473c5c5"],"featured":[""],"_footnotes":["field_66fd39afb9383"],"footnotes":[""],"_business_sector":["field_66f6b5bcac8cb"],"business_sector":["Energy"],"_content_series":["field_66fe3c439f8f6"],"content_series":[""],"_old_post_id":["field_66fe3fd59f8f7"],"old_post_id":["40384"],"_short_title":["field_60925d67125ef"],"short_title":[""],"_summary":["field_6019304103a20"],"summary":[""],"_mobile_featured_image":["field_66f6b4bee65f3"],"mobile_featured_image":["https:\/\/cms.alj3.clients.lemonhq.io\/wp-content\/themes\/alj\/assets\/images\/defaultmobilethumb.jpg"],"_push_notification":["field_66f6b47de65f1"],"push_notification":[""],"_publish_mobile":["field_66f6b491e65f2"],"publish_mobile":[""],"_status":["field_652694983fe12"],"status":["publish"],"_thumbnail_id":["7767"],"_wpml_word_count":["{\"total\":391,\"to_translate\":{\"ar\":391,\"zh-hans\":391,\"fr\":391,\"ja\":391,\"es\":391,\"tr\":391}}"],"_wpml_location_migration_done":["1"],"_select_category":["field_6937c5cade1ee"],"select_category":[""]},"_links":{"self":[{"href":"https:\/\/cms.alj3.clients.lemonhq.io\/en\/wp-json\/wp\/v2\/quickreads\/7765","targetHints":{"allow":["GET"]}}],"collection":[{"href":"https:\/\/cms.alj3.clients.lemonhq.io\/en\/wp-json\/wp\/v2\/quickreads"}],"about":[{"href":"https:\/\/cms.alj3.clients.lemonhq.io\/en\/wp-json\/wp\/v2\/types\/quickreads"}],"wp:featuredmedia":[{"embeddable":true,"href":"https:\/\/cms.alj3.clients.lemonhq.io\/en\/wp-json\/wp\/v2\/media\/7767"}],"wp:attachment":[{"href":"https:\/\/cms.alj3.clients.lemonhq.io\/en\/wp-json\/wp\/v2\/media?parent=7765"}],"curies":[{"name":"wp","href":"https:\/\/api.w.org\/{rel}","templated":true}]}}

<p>Abdul Latif Jameel Energy further enhanced its position as one of the world’s leading producers of renewable energy when Chief Executive Roberto de Diego Arozamena took a prominent role at <a href="http://mirecweek.com/" target="_blank" rel="noopener noreferrer">MIREC WEEK</a>, Mexico’s leading clean energy congress and exhibition.</p>



<p>Mr Arozamena joined 1,500 attendees and 197 speakers over the five-day event in Mexico City.&nbsp; He was part of an expert panel which concluded that Mexico’s established and continuous <a href="https://www.alj.com/en/energy-and-environmental-services/energy-overview/">renewable energy</a> program will be an increasingly attractive investment market as some environmental policies elsewhere in the region may give rise to uncertainty.</p>



<blockquote class="wp-block-quote is-layout-flow wp-block-quote-is-layout-flow">
<p><em>“MIREC is an excellent forum with high level participants that share experience and views on how to best address the significant renewable energy opportunities that Mexico’s program offers.&nbsp; Mexico is an important market for us and it was a pleasure to participate and share international experiences with Government officials and colleagues in the industry.”</em>&nbsp; Roberto commented at the event.</p>
</blockquote>



<p>MIREC WEEK remains the largest marketplace and networking platform for Mexico’s clean energy sector.&nbsp; Executives, thought leaders and decision-makers gathered alongside representatives from the financial sector; industry experts; government representatives; leading developers, technology and service providers; and electric vehicle experts.</p>



<p>Attendees at this year’s event included Felipe Calderón, former President of Mexico; Dr Jeremy Leggett, Founder of Solarcentury and Solaraid; and Danny Kennedy, Managing Director of California Clean Energy Fund (CALCEF).</p>



<p>Through Fotowatio Renewable Ventures (FRV), a leading global developer of utility-scale solar power plants, Abdul Latif Jameel Energy is already making significant progress in delivering clean energy across Mexico.&nbsp; In November 2016, it was awarded a 300 MW solar project in the country’s second electricity market auction conducted by the National Energy Control Center (CENACE) of Mexico.</p>



<p>The photovoltaic plant – called Potosí Solar, after its location in San Luís de Potosí – will be operational in 2019.&nbsp; It will supply approximately 76,000 homes and eliminate almost 98 million tons of CO<sub>2</sub> emissions.</p>



<p>Abdul Latif Jameel Energy’s FRV continues to be actively investing in the Middle East. &nbsp;In May 2017, it started construction on two of the largest solar PV projects in Jordan.&nbsp; Between them, the Mafraq I and Mafraq II plants will provide clean energy for 80,000 homes.</p>



<figure class="wp-block-image"><img decoding="async" src="https://media.alj.com/app/uploads/2019/06/MIREC_Logo.png" alt="" class="wp-image-1094"/></figure>



<p></p>
